 is the greatest common factor of 10 and n?
5
Let d be (-57)/(-21) + (-4)/(-14). Let i be -2 - (-2)/(3 + 49/(-17)). What is the greatest common factor of d and i?
3
Let w = -19 - -20. Suppose 4*i - 39 = w. What is the highest common divisor of i and 90?
10
Let y be 435/10*2 + -2 + 3. What is the highest common divisor of y and 8?
8
Suppose -2*b + 6*b + 16 = 0. Let g(o) = 2*o**2 + 3*o. Let a be g(b). Suppose 5*s - 60 = 3*s. What is the greatest common divisor of s and a?
10
Let a be (-44)/(-1) + (-2 - -2). Suppose -a = -s - s. What is the greatest common divisor of s and 11?
11
Let r(q) = 2*q**2 - 2*q. Let x be r(3). Let u be 12/54 + (-1)/((-9)/268). Calculate the greatest common divisor of x and u.
6
Let q be 2/(-1) + 1 + 91. Let t = -11 - -3. Let g be ((-10)/4)/(2/t). What is the greatest common factor of g and q?
10
Let p(t) = -4*t**3 - t - 1. Let r be p(-1). Let h be ((-34)/r)/(2/(-36)). Suppose 0 = 3*c - 29 - 22. Calculate the greatest common divisor of c and h.
17
Let g be -10*(-1 + -2)/6. Calculate the greatest common factor of 10 and g.
5
Let s(z) be the first derivative of -2*z**3/3 - 2*z**2 + 9*z - 2. Let l be s(-7). Let c = -29 - l. What is the highest common factor of c and 16?
16
Let k be (1 + (-9)/6)*-110. Calculate the highest common factor of 22 and k.
11
Suppose 3*h - 40 = -3*z + z, -2*h + 80 = 4*z. Let s = -5 - -12. Suppose 2*m + 25 = s*m. Calculate the greatest common factor of m and z.
5
Let w = 25 + -17. Suppose 2*v = 24 + w. Calculate the greatest common divisor of v and 2.
2
Let j(r) = -21*r + 4. Let o be j(-6). Suppose -o = -2*f - 0*f. Let i = -41 + f. What is the highest common factor of 60 and i?
12
Let u(n) = 8*n**3 + 6*n**2 - 2. Let v be u(4). Suppose -4*l - 2*q + 0*q = -v, 4*l - q = 597. Let x = -23 - -38. What is the highest common divisor of x and l?
15
Suppose 4*j + 380 = 3*l, 2*l = -3*j + 132 + 144. Let a = -14 + 7. Let g = a + 19. Calculate the highest common divisor of l and g.
12
Let h be 54/36*(-44)/(-6). What is the highest common divisor of h and 33?
11
Let c(b) = -92*b - 4. Let r(x) = -92*x - 5. Let h(f) = 4*c(f) - 3*r(f). Let k be h(-1). Calculate the greatest common factor of 13 and k.
13
Suppose -r = -3*b - 3, -5*r + 4*b = -r - 4. Suppose -j - 2*t = 4*j - 18, 3*j + 5*t - 7 = r. What is the highest common factor of 28 and j?
4
Let g = 2 - -2. Let j = -2 + g. Suppose 16 = j*v - 0*o + o, -o - 24 = -3*v. Calculate the greatest common factor of 2 and v.
2
Let m = -143 + 89. Let r = m - -92. Let v be r*(3/6 + 0). Calculate the highest common divisor of 38 and v.
19
Suppose 12 = 2*d + 2*g, 2*d - d = 4*g + 26. What is the highest common divisor of d and 5?
5
Let g be (-44)/2*(-3 + 1). Suppose 0 = -x + 4*x - 15. Suppose 0 = x*n - 4*l - 118, 5*n + 2*l + 3*l = 100. What is the highest common divisor of g and n?
22
Let q be 1 + 3 + -1 + -1. Calculate the highest common factor of 6 and q.
2
Let u(g) = 3*g**3 + 4*g**2 - 4*g - 6. Let f be u(3). Calculate the highest common factor of f and 18.
9
Let b be (-4)/(4/(-19)) - 2. Calculate the highest common divisor of 153 and b.
17
Suppose 5*t - 3*t - 10 = 0. Suppose 2*u + 4 = -0, -3*x + 14 = t*u. What is the highest common divisor of 20 and x?
4
Let a(r) = r - 11. Let i be a(8). Let n be (i/2)/(1/(-2)). Suppose d - 3*m = 17, -4*d + 38 = -0*d + n*m. What is the highest common factor of d and 11?
11
Let i(m) = 2*m**3 - 2*m**2 - m. Let d be i(2). Suppose -d = -2*p, -4*v + 0*v + 223 = 5*p. What is the greatest common factor of v and 13?
13
Let z = 72 + -47. Let f = 14 + -10. Let k = f + 6. What is the highest common factor of z and k?
5
Let a(k) = 89*k**2 + 5*k + 6. Let s be a(-1). What is the highest common factor of 36 and s?
18
Let t = 21 + -20. What is the greatest common divisor of t and 9?
1
Let v(s) = -s**2 - 8*s + 29. Let b be v(-9). Calculate the highest common divisor of b and 2.
2
Let w be (20/(-12))/((-3)/9). Suppose 283 = -w*o + 913. What is the greatest common factor of o and 14?
14
Let r(z) = -z + 2. Let a be r(2). Suppose a = -2*k + h + 31, 0*k - k - h = -20. Let n be (16 - -1)/(2/4). What is the highest common divisor of k and n?
17
Let x(g) = -7*g**3 + 2*g**2 + 2*g + 1. Suppose -3 = -0*f + 3*f. Let y be x(f). What is the highest common factor of y and 20?
4
Suppose 282 = 5*l - 2*l. Let k = 50 + l. Calculate the highest common factor of k and 16.
16
Let a be (3 - 5)*4/(-2). Calculate the highest common divisor of a and 10.
2
Let x = 623 - -235. Suppose 5*q - 183 = -2*u + 264, -x = -4*u + 2*q. Calculate the greatest common divisor of u and 27.
27
Let s = 39 + -25. Calculate the highest common divisor of s and 14.
14
Suppose 4 = -m + 9. Suppose -m*w - 1 + 18 = a, 2*w + a - 8 = 0. Calculate the greatest common divisor of w and 3.
3
Suppose -2*w - 3 = -5. Suppose -3*n + 25 = w. Let l = 26 + -18. Calculate the highest common divisor of l and n.
8
Suppose 2*f - 6*f + 5 = 3*p, -4*f = -3*p - 35. Let x be (-33)/f*(-2 - 3). Calculate the highest common divisor of x and 3.
3
Let y = 19 + -9. Suppose -2*v - 2*k = -84, -2 + y = -2*k. Calculate the highest common divisor of 69 and v.
23
Let a = -5 + 24. Calculate the highest common factor of a and 209.
19
Suppose -2*k + k = 0. Suppose -3*a - 3*b + 3 = k, 13 = 4*a + b - 6. Calculate the highest common divisor of 3 and a.
3
Suppose 5*f + 101 - 386 = 0. Let b = -25 - -44. What is the highest common divisor of f and b?
19
Let i(c) be the second derivative of c**3/3 + c**2 - 2*c. Let o be i(3). Suppose x = -x + 144. What is the greatest common divisor of x and o?
8
Let t(i) = -3*i - 8. Let s be t(0). Let b be 0 - (2/1 - -2). Let h be (-99)/b + s/(-32). Calculate the highest common divisor of 10 and h.
5
Let x(o) = -5*o**3 - 4*o**2 - 8*o - 3. Let i be x(-3). What is the greatest common factor of 48 and i?
24
Let k(t) = t**3 - 7*t**2 + 7*t + 3. Let m be k(6). Let b(y) = -27*y. Let v be b(-1). Calculate the greatest common divisor of m and v.
9
Let y be ((-114)/19)/(1 + -3). Let c be 92/y - 22/33. Calculate the highest common factor of c and 75.
15
Let t be (-3 - (-10 + 0)) + 1. Let v = -5 + t. What is the greatest common factor of v and 24?
3
Suppose 3*y + 44 = -f + 198, 770 = 5*f + 5*y. Suppose 0 = 2*r - r - f. Calculate the greatest common divisor of 22 and r.
22
Suppose -b = -4*b + 330. Let n = 80 + -36. What is the highest common factor of b and n?
22
Suppose -5*m + 0*m + 210 = 0. Let a be ((-63)/5)/(3/(-15)). What is the highest common factor of a and m?
21
Suppose 2*a = -1 + 27. Let m = a + 31. What is the greatest common factor of 11 and m?
11
Let o be ((-51)/12)/(1/(-4)). Suppose 0 = -5*w - 533 - o. Let i be ((-16)/(-10))/((-4)/w). What is the highest common factor of i and 4?
4
Let r = -25 - -66. What is the greatest common divisor of 328 and r?
41
Let x be 210/8 + -3*1/(-4). Calculate the greatest common factor of x and 45.
9
Suppose 4 = -2*m + 12. Suppose -m*x + 3*x = 0. Suppose x = -3*h + 58 - 10. Calculate the greatest common divisor of 4 and h.
4
Let o = 10 + -6. Suppose o*z = -z. Suppose 177 = 3*d + c + 2*c, z = 3*d - 2*c - 157. Calculate the greatest common divisor of d and 5.
5
Let l be 5*(1 - 6/15). Let y(z) = 13*z - 5. Let h be y(4). Let b be h/4 + 2/8. Calculate the greatest common factor of b and l.
3
Suppose r - 2*r + 22 = 0. Calculate the highest common divisor of r and 176.
22
Let n(z) = -z**3 - 18*z**2 - 20*z + 19. Let t be n(-17). Calculate the highest common factor of 14 and t.
14
Let d(a) = -4*a**2 - 2*a + 4*a**3 - 4 - 2*a**3 + 8. Suppose -3*r + 5 + 4 = 0. Let t be d(r). Calculate the highest common factor of t and 80.
16
Let j be 6/(-4)*(-14 - (-76)/6). Let d be (-1)/(-3) + 8/3. Calculate the greatest common divisor of j and d.
1
Let y(a) = -a**3 - 4*a**2 + 18*a + 5. Let w be y(-8). What is the greatest common divisor of 13 and w?
13
Suppose 2*j = -3*j + 110. Calculate the highest common factor of 55 and j.
11
Let f = -119 - -431. Calculate the greatest common divisor of f and 24.
24
Let k(i) = 14*i. Let b be k(2). What is the highest common divisor of 70 and b?
14
Let s(y) = -5*y - 36. Let w be s(-8). What is the greatest common divisor of w and 4?
4
Let g = 142 + -82. Let z = 45 + -30. Calculate the greatest common factor of z and g.
15
Let w(x) = -x**2 - 15*x + 4. Let s be w(-14). Suppose 4*d 